 digit of l?
3
Let i(k) = -16*k - 34. Let u be i(-2). What is the units digit of ((-2260)/6 + u)*6/(-4)?
8
What is the thousands digit of 104/8*(-9840)/(-20)?
6
Let y = 7642 - -211. What is the hundreds digit of y?
8
Let l = 27 + -30. Let j be -3 - (l + 0/(-4)). What is the units digit of (j + 415/(-15))*-3?
3
Let c be -4 + -1 + 9 - -391*15. Suppose 26*z - c - 5415 = 0. What is the hundreds digit of z?
4
Suppose -2*o - 5*z + 249 = -6*o, z + 51 = -o. Let u = -32 - o. Let f = u - -86. What is the hundreds digit of f?
1
Let d = 32476 - 15643. What is the tens digit of d?
3
What is the thousands digit of ((-4768)/6)/(31/(-372))?
9
Suppose -11*h - 3 + 3 = 0. Suppose h = 16*n + 332 - 1244. What is the units digit of n?
7
Let p be (-7)/14*-4 + 55*-3. Let d = -50 - p. What is the units digit of d?
3
Suppose -2*m = -2*g - 13760, -2*m - 5*g = 2*m - 27484. Suppose 2640 + m = 6*n. What is the tens digit of n?
8
Suppose 2*t = -5*h + 33, 24 = 2*t - t + 5*h. Let o be (65/15)/(2 + (-21)/t). Let v(k) = k**3 + 12*k**2 - 31*k + 18. What is the tens digit of v(o)?
5
What is the tens digit of 6510582/624 + 6/16?
3
Suppose 0 = -2*u + 2*z + 14, 4*z - 45 = -4*u - 9. Let n be u/(-6)*18/(-8). What is the tens digit of ((-21)/(-14))/(n/148)?
7
Suppose 43*k - 38*k - 11298 = -z, -45384 = -4*z + 4*k. What is the tens digit of z?
3
Let i = -5 + 5. Suppose i = -9*n + 8*n. Suppose n = -3*s + 8*s - 1080. What is the units digit of s?
6
Suppose 4*b - 53161 = -l, -4*b + 53164 = 248*l - 244*l. What is the ten thousands digit of b?
1
Suppose -378*c + 380*c - 82722 = -2*n, -c = -4*n - 41361. What is the ten thousands digit of c?
4
Suppose 2*d + 2*q - 40990 = 0, -47*d + 81965 = -43*d - q. What is the tens digit of d?
9
What is the hundreds digit of (-573064)/(-31) + (-674)/(-10447)?
4
Suppose -3*v - 28809 = -2*k, k + 8*v - 9*v - 14406 = 0. What is the hundreds digit of k?
4
Let x(k) = -14471*k - 2267. What is the thousands digit of x(-6)?
4
Suppose 2*h + g = 110, 3*h + 137 = 4*g + 291. Let o be ((-2)/5)/(1/(-5)). What is the tens digit of o*(24 + 1) - (-55 + h)?
5
Let y(i) = 88*i - 704. Let s be y(8). Let z = 1 - -1. Suppose z*w - 180 - 54 = s. What is the hundreds digit of w?
1
Suppose 0 = -5*s + 37 + 88. Suppose 2*t - s = -33. What is the tens digit of (-1)/1*t/(4/211)?
1
Suppose -10*h = -16*h. Suppose 3*z - 2*g - 343 = 0, 4*z + h*g + 2*g - 434 = 0. What is the tens digit of 2*z*(-3 + 7/2)?
1
Let p(t) = -2*t**2 - t + 39. Let q be p(0). Suppose 5*u - q = 276. What is the tens digit of (-18)/u + (-1161)/(-21)?
5
Let y = -11803 + 22510. What is the hundreds digit of y?
7
What is the tens digit of (-175)/((-10)/(-2660)*-7)?
5
Suppose 1446839 + 76411 = 30*k. What is the ten thousands digit of k?
5
Suppose 0 = -16*x + 19*x - 201. Let s = x - 65. Suppose s*y - 4*k = -y + 370, 2*k = 2*y - 244. What is the tens digit of y?
1
Let y(n) = -92*n**3 - 36*n**2 - 194*n + 9. What is the tens digit of y(-5)?
7
Let i be (1/(-2))/(21/(-378)). Suppose -8*s + i*s = 31. Suppose -221 = -2*a + t, 2*t = -5*a + s + 508. What is the units digit of a?
9
Let r(i) = -4*i + 2. Let q be r(-2). Let j(w) = 64*w + 265. Let o be j(-4). What is the units digit of 1795/q - (-5)/((-30)/o)?
8
Let w be (16/8 + (-56)/12)*-3. Suppose -y + 220 = 3*o, y - 225 = 6*o - w*o. What is the units digit of y?
5
Let x = 4236 - -2484. What is the units digit of x?
0
Let w = 28129 + -5697. What is the ten thousands digit of w?
2
Let w = -6241 + 16502. What is the ten thousands digit of w?
1
Suppose 0 = -135*r + 95*r + 3211520. What is the thousands digit of r?
0
Let s(z) = z**3 + 14*z**2 + 15*z + 6. Let n = 81 - 91. What is the hundreds digit of s(n)?
2
Let d be (7/2)/(((-30)/(-5))/(-108)). Let a be 2/(-8) + d/(-12). Let i(v) = -v**3 + 9*v**2 + 10*v - 4. What is the hundreds digit of i(a)?
1
Suppose -22470 = -2*r + 4*k, 0 = -r - k - 893 + 12128. What is the thousands digit of r?
1
Suppose -16*m - 40*m + 318416 = 0. What is the thousands digit of m?
5
Let h = 35 - 57. Let r be (-1)/2 - 341/h. Suppose -3*i + 174 = f, 3*i = -0*i - r. What is the tens digit of f?
8
Let d(s) = 3911*s - 5204. What is the units digit of d(6)?
2
What is the units digit of 11310 + (-12)/(108/(-225))?
5
Let s = 24 + -22. Let a(w) = -w**3 + 7 - 80*w**2 + 154*w**s - 74*w**2 - w. What is the units digit of a(0)?
7
Let a(z) = -2*z**3 - 67*z**2 + 39*z + 179. Let l be a(-34). Suppose 3*o + 0 = -27. What is the units digit of o/(l/4) - -43?
9
Let p(h) = 21 + 11 - 14 - 8*h - 2*h**3 + 7*h**2. What is the units digit of p(-5)?
3
Suppose 21*d - 52 = 74. Let u(c) = 3*c**3 + 2*c - 3*c**2 - 2*c**3 + 17 - 12*c. What is the tens digit of u(d)?
6
Let o be (-2132)/117 + 4/18. Let u(s) = -18*s - 28. Let y(n) = -19*n - 27. Let z(l) = 6*u(l) - 5*y(l). What is the tens digit of z(o)?
0
Let l = -241 - -900. What is the units digit of l?
9
Let j(m) be the first derivative of m**4/4 + 14*m**3 + 37*m**2 - 80*m + 99. What is the tens digit of j(-40)?
6
Let q be (-1410)/(-4) - (-1 + (-5)/(-2)). Suppose 3*s + 2*s - 3*z + 716 = 0, 2 = z. Let c = s + q. What is the tens digit of c?
0
Let o(p) = -3003*p - 3715. What is the units digit of o(-7)?
6
What is the ten thousands digit of ((-829)/2)/(28 + 2521/(-90))?
3
Suppose -432*l = -425*l + 7. What is the units digit of l + 1670/5 - 5/1?
8
Let h = -58 + 64. Suppose 4*c + 8*p - 46 = h*p, 2*c - 35 = -5*p. Suppose 0*s = c*s - 1830. What is the units digit of s?
3
Let q(m) = -5*m - 61. Let a(c) = 5*c + 61. Let t(f) = 5*a(f) + 4*q(f). Let l be t(16). Let d = 354 - l. What is the units digit of d?
3
Let d = -48 - -76. Suppose 18*z = d*z - 590. What is the units digit of z?
9
Suppose -191*j = 58*j + 82*j - 6781528. What is the hundreds digit of j?
4
Suppose 482*x = 4*j + 483*x - 72577, 0 = -4*j - 3*x + 72563. What is the tens digit of j?
4
Let c(i) = 97*i**2 + 5*i + 14. Let u be c(-7). Suppose 0*t - t = -4*r + 1164, 3*r = -4*t - u. What is the tens digit of (-5)/((-35)/(-2)) - t/14?
8
Suppose -4*p = -4*y + p + 88, -y - p + 13 = 0. Let m be (-62)/1*(y + -19). What is the tens digit of m/7 - (5 - 148/28)?
1
Let v(g) = 6*g**3 + 4*g**2 - 1. Let s be v(3). Let d = s + -34. Let i = d - 36. What is the hundreds digit of i?
1
Let c = -2620 - -2399. Let a = 692 - 369. Let x = a + c. What is the units digit of x?
2
Suppose -17536 + 17520 = 8*o. Let h(b) = 0 + b - 4 - 14*b. What is the tens digit of h(o)?
2
Suppose -7*a + 30010 = -67997. What is the ten thousands digit of a?
1
Let p = -13 - 4. Let t(l) = l**3 + 19*l**2 + 8*l + 12. Let x be t(p). Suppose 0 = 5*c + 5*b - 470, x = 5*c - 0*b + b. What is the units digit of c?
0
Suppose -p = 4*c - 21, -33 = -4*c - 2*p + 5*p. Suppose 10 = 2*l, -c*a - l - 7 = -2*a. What is the units digit of (-3)/(-3)*27/a*-12?
8
Suppose -3*m - 51*w + 46*w + 64288 = 0, -2*m = -2*w - 42816. What is the thousands digit of m?
1
Let l(o) = -o + 10. Let s(w) = -20*w**2 - 1. Let k be ((-6)/3 - -1)/(-1). Let u be s(k). What is the tens digit of l(u)?
3
Let t = 380 + -386. Let j(l) = 36*l**2 + 41*l + 168. What is the hundreds digit of j(t)?
2
Suppose -36 = -3*a + 5*p, 5*a - p - p - 60 = 0. Suppose -a*x - 4*x + 8960 = 0. What is the hundreds digit of x?
5
Suppose 3*v = 6*v + 1209. Let b be (-2)/((-4)/10) - (1 + -579). Let i = v + b. What is the hundreds digit of i?
1
What is the units digit of 4 + -2 - ((-18830)/(-30))/(2/(-24))?
4
Let l = 644 + -459. Let b = -107 + l. What is the tens digit of b?
7
Let q(p) = p**2 - 9*p - 16. Let i be q(-2). What is the hundreds digit of 6/(-12)*(-4)/i*2319?
7
What is the thousands digit of 5171*(0/(-42) + (4 - -1))?
5
Let w(n) = -2140*n + 4. Suppose 0 = -k + 2*k - 1. Let b be w(k). What is the hundreds digit of 18/45 - b/10?
2
Suppose 3*n + 2*y - 19810 = 0, -5*n - 26*y + 29*y = -33042. What is the units digit of n?
6
Suppose 0 = -7*o - 3*n + 505471, 14*n = -3*o + 9*n + 216597. What is the units digit of o?
4
What is the ten thousands digit of (281556/165)/((-12)/(-120))?
1
Let u(c) = -c**3 + 24*c**2 + 25*c + 4. Let f be u(25). Suppose -f = -w, 4*w + 2989 = -7*p + 12*p. What is the hundreds digit of p?
6
Suppose -7*n + 3*b + 208 = -2*n, -118 = -3*n - 5*b. Let w be (-38)/((-33)/22 - n/(-30)). Let k = w - 158. What is the units digit of k?
7
Let s(u) = 72*u - 130. Let b be 10/(0 - -1) - 152/38. What is the hun